6
Suppose 4*b - 399 = 3*p, 0 = -b + 3*b - 2*p - 202. Let x = 162 - b. What is the highest common divisor of x and 6?
6
Suppose 20*h - 39 = 23*h. Suppose -3*w = -6*w + 57. Let r = w + h. Calculate the greatest common divisor of 48 and r.
6
Suppose 3*o - o = 16. Suppose o*g - 3*g - 280 = 0. What is the highest common factor of g and 140?
28
Let w(g) = 2*g - 11. Let y be w(15). Suppose y*i = 17*i + 252. Suppose 4*q = -3*b - 0*q + 34, -3*b = -3*q - 48. Calculate the highest common factor of b and i.
14
Suppose -43 - 37 = -4*m. Let s be 1/(10/4 - 3). Let h be 68/12 - s*2/(-6). Calculate the greatest common divisor of h and m.
5
Let m(k) be the first derivative of k**4/4 - 2*k**3/3 - k**2 - 4*k - 18. Let y be m(4). What is the greatest common factor of y and 100?
20
Suppose 2*g = 10*g + 16. Let c be g/4 + 15/10. Calculate the highest common factor of 2 and c.
1
Let j = -11 - -23. Let w = 17 - j. Suppose -3*v + 286 = w*g, -1 = -g + 3*v + 49. What is the highest common divisor of 140 and g?
28
Let b(i) = i**2 - 11*i - 34. Let k be b(18). What is the greatest common factor of 69 and k?
23
Let k be 2/4 - (-35)/10. Let p be ((-5)/2)/((-2)/12). Let q be ((-120)/9)/((-10)/p). Calculate the highest common divisor of q and k.
4
Let n = 45 - 5. Let b be (5 - 3 - 1) + 6. Suppose 0 = 6*m + b - 103. Calculate the greatest common factor of m and n.
8
Let k be (-33 + 18)/((-6)/24). Calculate the greatest common divisor of k and 230.
10
Suppose -14*g + 1171 = 359. Calculate the greatest common divisor of g and 667.
29
Suppose -u + 25 = 2*b + 3*b, 2*u = -2*b + 18. Suppose u*f - 195 = 15. Let p = f + -29. Calculate the highest common factor of p and 143.
13
Suppose 3*a + 4656 = -5*a. Let l = a + 838. Calculate the greatest common divisor of 32 and l.
32
Suppose n + 2*n = -2*q + 196, 216 = 2*q - 2*n. What is the highest common divisor of q and 40?
8
Let c(w) = w**2 - 5*w - 56. Let u be c(-7). Calculate the highest common divisor of u and 12.
4
Let b(t) = -27*t + 3. Let q(p) = -p**2 + 5*p - 8. Let f be q(4). Let l be b(f). What is the highest common divisor of 37 and l?
37
Let d = 1629 - 1213. What is the highest common factor of d and 78?
26
Let r = -21 + 9. Let h be 4 - (r + -2 + 0). Calculate the highest common factor of 2 and h.
2
Suppose -t - 3*n - 109 = -5*t, 0 = 4*t - 2*n - 110. Let r = 2287 - 2283. Calculate the greatest common factor of r and t.
4
Let h(q) = 31*q**3 - q. Let f be h(-1). Let l = f - -43. Let n be 114 - ((-10)/2 + 2). Calculate the greatest common factor of n and l.
13
Let s = -7 - -18. Suppose -2*g + 7*g - 10 = 0. Suppose 172 = g*y - 5*z + 4*z, 156 = 2*y - 5*z. Calculate the highest common divisor of y and s.
11
Suppose -6*x + 154 = 4*u - 8*x, -u + x = -38. Calculate the greatest common factor of 299 and u.
13
Let d(n) = -9*n**2 - 3*n + 2. Let q(g) = g**2 - 1. Let w(c) = -d(c) - 4*q(c). Let m be w(-2). Let j = 666 + -522. What is the greatest common factor of m and j?
16
Suppose -12*y = -y - 198. Suppose 5*w + 2 = 4*m - 19, 0 = 3*m + 4*w - 39. Calculate the highest common divisor of y and m.
9
Suppose m - 3 = 7. Suppose -5*i - 25 = -m*i. Suppose -5*v + 4*w + 32 = 0, -3*v + 22 = v - i*w. Calculate the greatest common divisor of v and 20.
4
Let m = -597 - -1532. What is the highest common divisor of m and 85?
85
Suppose 11*r = 3*r + 96. Suppose -15*z = -r*z - 108. What is the greatest common divisor of z and 9?
9
Let w(u) = -u**3 + u + 1. Let d(q) = 27*q**3 - 3*q**2 + 2*q + 4. Let l(j) = -d(j) + 3*w(j). Let y be l(-1). Calculate the greatest common factor of y and 93.
31
Let l = 28 + -12. Let o be (-24)/(-8) - l/(-2). Suppose -39 + o = -4*j. What is the highest common divisor of 35 and j?
7
Let g be -8 - (-1784)/24 - (-3)/(-9). Suppose -4*f = -f - 18. Calculate the highest common divisor of g and f.
6
Suppose 2*l - 1698 + 240 = 0. What is the highest common factor of l and 27?
27
Let i = -208 + 293. Suppose -54 = -z - 4*u, 5*z + 4*u - 223 = -33. What is the greatest common divisor of i and z?
17
Let s(o) = o**3 - o**2 + 18. Let n = 16 - 8. Let j be (n + -8)/(-2 - 0). Let a be s(j). Calculate the greatest common divisor of a and 6.
6
Let i be 15 - (6 - 4)/(-1). Let k = i - 15. Suppose 2*d - j = 14, -j - 14 = -2*d + k*j. Calculate the highest common factor of 28 and d.
7
Let i = -220 + 230. What is the greatest common factor of 170 and i?
10
Let x be (0 + 13)/13 - -97*1. What is the highest common factor of x and 49?
49
Let x(v) = 4*v**2 - 12*v + 4. Let a be x(9). What is the highest common factor of 88 and a?
44
Suppose 76*o - 11600 = 72*o. What is the greatest common divisor of 29 and o?
29
Let j = -2271 + 2284. Let o be 2/(-6) + 13/3. Suppose -26 = -o*c + 3*a + 93, 3*a = -4*c + 89. What is the greatest common factor of c and j?
13
Let t = -55 + 77. Let a = t + -9. Let u = -5 + a. Calculate the highest common factor of 32 and u.
8
Let g(c) = 26*c + 3 - 4 - 11*c + 28*c. Suppose 0 = -3*z - a - 3*a + 19, 5*z = a + 1. Let m be g(z). What is the highest common factor of m and 21?
21
Suppose 195 - 9 = 31*a. What is the highest common divisor of 84 and a?
6
Let r = 64 + -62. Suppose 0 = -r*a + 7*a - 100. Calculate the highest common factor of 30 and a.
10
Suppose -5*v + 37 = 2. Let t = -90 - -51. Let z = t - -60. Calculate the highest common factor of z and v.
7
Let z(t) = 42*t + 4. Let h = 18 - 20. Let q be (1*h)/(10/(-30)). Let d be z(q). What is the greatest common factor of 32 and d?
32
Let f be 2/(-8) + 90/8. Suppose 0 = 3*t - 2*t - f. Let y = t - 2. Calculate the highest common divisor of y and 18.
9
Suppose 2*d - 5 = 17. Suppose -64 = d*k - 15*k. Calculate the highest common factor of k and 176.
16
Let c(w) be the third derivative of -13*w**4/24 - 13*w**3/3 + 3*w**2 - 1. Let l be c(-9). Calculate the highest common factor of l and 13.
13
Let d = 15 + -9. Let s(h) = 3*h**2 - 7*h + 15. Let p be s(d). Suppose 6*i = 9*i - p. Calculate the highest common factor of i and 189.
27
Let c(p) = -p**2 - 35*p - 217. Let a be c(-14). Suppose -5*z - 3*s + 7 = -28, 3*s = 2*z - 14. Calculate the highest common factor of z and a.
7
Suppose 20*n - 38 = 82. What is the highest common divisor of n and 90?
6
Let l = -51 + 54. Let z be 1521/24 - l/8. What is the greatest common factor of 9 and z?
9
Suppose -n - 3 = 5. Let m(o) = -5*o - 5. Let a be m(n). Let f be 1099/a + (-6)/15. What is the highest common factor of f and 341?
31
Suppose -2*b = 4*b. Suppose 5*w + b*w = 60. Let t = 38 + -26. Calculate the greatest common divisor of w and t.
12
Let i be (1/(-4)*-4)/(4/(-76)). Let q = 26 + i. Calculate the highest common divisor of q and 35.
7
Let q(w) = -2*w**3 + 10*w**2 - w - 8. Let p be q(4). What is the greatest common factor of p and 35?
5
Let k(s) = 2*s + 2*s + 54 - 29 - 22. Let a be k(3). Calculate the greatest common divisor of 10 and a.
5
Suppose 5*n = h - 6, -4*h + 110 = -5*n + 11. Let w = -146 - -74. Let x = w - -165. Calculate the highest common divisor of h and x.
31
Suppose 4*y - 68 - 29 = p, -y + 5*p = -29. Suppose 15*q = 94 + 146. Calculate the highest common factor of y and q.
8
Suppose -3*g + 2*g + 4 = 0. Suppose -g*v = 4*k + 24, 9*v + 20 = 4*v. Let m be (-2)/(1/27*k). Calculate the highest common factor of m and 9.
9
Let q(h) = h**3 - 6*h**2 - h + 6. Let j be q(7). Suppose 0 = 2*p + 4*x - 88 - 68, -4*x = -p + j. Calculate the greatest common divisor of p and 17.
17
Suppose -407*g + 319*g = -12584. Let d be 1 - -1*(-20)/(-2). Calculate the highest common divisor of d and g.
11
Let k be (2 - 174/(-30))/((-2)/(-20)). Calculate the greatest common factor of 18 and k.
6
Suppose 0 = -20*h + h + 988. What is the greatest common factor of 12 and h?
4
Suppose -5*c + 5*x = 2*x - 117, -c - 5*x = -29. Calculate the greatest common factor of 276 and c.
12
Let a be 2 + 1 + (-9 - 1). Let q be (-74)/8 + (-1)/(-4). Let o = a - q. What is the highest common divisor of 10 and o?
2
Suppose 98 = 3*i - 5*f, i - 26 = f + 8. Suppose 4*m - 63 = -4*n + 29, 3*m + 2*n = 70. What is the greatest common divisor of m and i?
12
Suppose -5*a + a - 215 = -5*w, 4*a = 2*w - 86. Calculate the greatest common factor of 215 and w.
43
Let d = 12 - -18. Let v = d - 28. Let f(k) = -k**3 - 3*k**2 - 2*k + 2. Let y be f(-2). What is the greatest common divisor of v and y?
2
Let t(w) = 11*w - 